8 (base 15) in base 4?
212
Convert 1202 (base 3) to base 13.
38
-1f (base 16) to base 13
-25
What is 23 (base 5) in base 15?
d
What is 10e (base 15) in base 2?
11101111
Convert 101 (base 2) to base 6.
5
Convert 212 (base 6) to base 14.
5a
What is -21 (base 4) in base 7?
-12
Convert 7 (base 10) to base 3.
21
101 (base 2) to base 8
5
Convert -3 (base 12) to base 2.
-11
Convert 1 (base 6) to base 5.
1
What is -11 (base 2) in base 7?
-3
Convert -188 (base 9) to base 14.
-b7
Convert -25 (base 15) to base 12.
-2b
-1 (base 3) to base 5
-1
9 (base 13) to base 8
11
What is -3 (base 14) in base 5?
-3
-1a (base 15) to base 6
-41
What is -12020 (base 3) in base 15?
-96
Convert 12a (base 12) to base 16.
b2
-10000 (base 4) to base 7
-514
-6 (base 9) to base 5
-11
c (base 13) to base 9
13
0 (base 3) to base 7
0
Convert -79 (base 13) to base 7.
-202
Convert 2201 (base 3) to base 13.
58
-22 (base 11) to base 4
-120
What is 1111 (base 2) in base 16?
f
-111100 (base 2) to base 5
-220
What is 5 (base 15) in base 2?
101
4 (base 12) to base 8
4
3 (base 11) to base 14
3
What is -1111 (base 2) in base 4?
-33
Convert 2 (base 4) to base 6.
2
Convert 0 (base 3) to base 9.
0
What is 102 (base 4) in base 2?
10010
Convert 1102 (base 3) to base 11.
35
What is 53 (base 8) in base 11?
3a
What is 23 (base 16) in base 10?
35
-7 (base 16) to base 5
-12
2c (base 16) to base 15
2e
Convert 1 (base 14) to base 4.
1
What is 10 (base 5) in base 11?
5
What is -5 (base 6) in base 15?
-5
What is 20 (base 5) in base 9?
11
-331 (base 4) to base 10
-61
What is 0 (base 12) in base 10?
0
Convert 0 (base 7) to base 5.
0
-41 (base 6) to base 15
-1a
Convert -2 (base 5) to base 8.
-2
14 (base 6) to base 3
101
-17 (base 16) to base 15
-18
What is 10 (base 8) in base 3?
22
-4 (base 6) to base 2
-100
What is -c (base 14) in base 15?
-c
Convert 2 (base 6) to base 10.
2
0 (base 12) to base 13
0
Convert 6d (base 14) to base 16.
61
Convert 65 (base 11) to base 4.
1013
-2 (base 15) to base 9
-2
Convert 5 (base 6) to base 8.
5
What is -1 (base 6) in base 8?
-1
bd (base 16) to base 8
275
Convert -112 (base 8) to base 10.
-74
-10 (base 4) to base 11
-4
Convert -10110 (base 2) to base 6.
-34
What is -2020 (base 3) in base 12?
-50
What is -23 (base 9) in base 16?
-15
Convert -2 (base 11) to base 15.
-2
What is -4 (base 13) in base 15?
-4
Convert -15 (base 14) to base 10.
-19
What is a (base 16) in base 8?
12
Convert -c (base 13) to base 12.
-10
Convert -1001 (base 3) to base 2.
-11100
What is 0 (base 15) in base 13?
0
What is -11 (base 4) in base 3?
-12
Convert 40 (base 13) to base 16.
34
Convert 3301 (base 4) to base 12.
181
9 (base 11) to base 4
21
Convert -118 (base 14) to base 8.
-332
2 (base 14) to base 12
2
What is 12102 (base 3) in base 7?
266
-a (base 15) to base 13
-a
2 (base 6) to base 11
2
What is 211 (base 4) in base 12?
31
1001110 (base 2) to base 13
60
What is -4 (base 11) in base 3?
-11
Convert -22 (base 4) to base 14.
-a
Convert 2 (base 16) to base 15.
2
What is -143 (base 6) in base 16?
-3f
What is 0 (base 7) in base 2?
0
Convert 153 (base 7) to base 2.
1010111
What is -120 (base 3) in base 7?
-21
Convert 8d (base 14) to base 12.
a5
What is 9 (base 11) in base 10?
9
What is bd (base 14) in base 6?
435
What is 100010 (base 2) in base 3?
1021
What is 3 (base 8) in base 10?
3
Convert -1400 (base 5) to base 15.
-100
Convert 3 (base 11) to base 10.
3
79 (base 15) to base 4
1302
What is -4 (base 5) in base 4?
-10
1 (base 6) to base 11
1
-1222 (base 3) to base 11
-49
What is 15 (base 9) in base 14?
10
-3 (base 9) to base 2
-11
Convert e (base 15) to base 3.
112
Convert 11 (base 16) to base 10.
17
Convert -141 (base 10) to base 11.
-119
d2 (base 16) to base 10
210
Convert -8 (base 13) to base 8.
-10
What is -2 (base 12) in base 15?
-2
What is -2 (base 3) in base 9?
-2
Convert -14 (base 11) to base 8.
-17
What is -61 (base 10) in base 11?
-56
-11111001 (base 2) to base 5
-1444
-c7 (base 16) to base 8
-307
What is -3 (base 4) in base 16?
-3
Convert -1011101 (base 2) to base 9.
-113
What is -2 (base 15) in base 13?
-2
Convert 22 (base 3) to base 14.
8
Convert 34 (base 6) to base 9.
24
What is 1 (base 14) in base 7?
1
64 (base 15) to base 2
1011110
-4 (base 9) to base 8
-4
Convert 3 (base 7) to base 5.
3
What is 84 (base 12) in base 5?
400
What is -6 (base 8) in base 7?
-6
-6 (base 13) to base 15
-6
What is -224 (base 5) in base 3?
-2101
1 (base 12) to base 10
1
What is 0 (base 5) in base 8?
0
128 (base 9) to base 6
255
What is -137 (base 12) in base 16?
-bb
What is -6d (base 14) in base 9?
-117
What is 312 (base 5) in base 2?
1010010
What is 4 (base 15) in base 10?
4
Convert -13 (base 7) to base 9.
-11
1110 (base 2) to base 12
12
What is -124 (base 6) in base 12?
-44
-1 (base 12) to base 2
-1
Convert 1 (base 4) to base 13.
1
Convert 114 (base 6) to base 15.
31
f (base 16) to base 4
33
-11000110 (base 2) to base 10
-198
What is -2 (base 6) in base 16?
-2
Convert -30 (base 6) to base 4.
-102
Convert -22 (base 16) to base 4.
-202
bb (base 16) to base 9
227
-3 (base 8) to base 16
-3
19 (base 12) to base 8
25
Convert c (base 16) to base 15.
c
4 (base 5) to base 14
4
Convert -b8 (base 14) to base 6.
-430
What is 1 (base 15) in base 6?
1
13 (base 7) to base 14
a
-115 (base 9) to base 2
-1011111
112 (base 7) to base 8
72
What is 8 (base 15) in base 8?
10
What is -31 (base 6) in base 4?
-103
Convert -16 (base 12) to base 15.
-13
What is -26 (base 12) in base 6?
-50
What is -7 (base 8) in base 7?
-10
What is 12 (base 5) in base 7?
10
Convert 172 (base 10) to base 11.
147
1 (base 3) to base 13
1
5 (base 14) to base 9
5
What is -70 (base 11) in base 2?
-1001101
-134 (base 9) to base 5
-422
What is 2 (base 8) in base 14?
2
What is -6 (base 13) in base 4?
-12
3 (base 9) to base 13
3
Convert 0 (base 5) to base 2.
0
-113 (base 6) to base 8
-55
Convert -10001011 (base 2) to base 6.
-351
What is -111 (base 2) in base 5?
-12
What is 7 (base 8) in base 16?
7
What is 1202 (base 3) in base 12?
3b
What is 7 (base 13) in base 6?
11
Convert -21 (base 6) to base 14.
-d
What is 5 (base 10) in base 3?
12
What is -5 (base 16) in base 8?
-5
What is 123 (base 12) in base 16?
ab
Convert -6 (base 7) to base 16.
-6
Convert -10 (base 13) to base 14.
-d
-1010 (base 2) to base 10
-10
Convert 0 (base 11) to base 14.
0
Convert 113 (base 4) to base 12.
1b
What is -120 (base 3) in base 13?
-12
-123 (base 10) to base 7
-234
32 (base 6) to base 14
16
Convert -103 (base 7) to base 2.
-110100
-15 (base 6) to base 8
-13
What is 2 (base 5) in base 15?
2
What is 6 (base 8) in base 13?
6
75 (base 13) to base 2
1100000
What is 5 (base 12) in base 15?
5
25 (base 12) to base 15
1e
Convert 1 (base 3) to base 16.
1
Convert 1222 (base 3) to base 7.
104
Convert 13 (base 4) to base 5.
12
-a (base 11) to base 9
-11
354 (base 9) to base 14
16c
Convert -44 (base 14) to base 7.
-114
1 (base 2) to base 10
1
What is -3 (base 5) in base 4?
-3
What is -3 (base 5) in base 14?
-3
456 (base 8) to base 9
365
What is -324 (base 6) in base 4?
-1330
Convert 10 (base 4) to base 12.
4
What is 232 (base 6) in base 13?
71
-3 (base 4) to base 9
-3
Convert 10 (base 11) to base 13.
b
1010011 (base 2) to base 10
83
Convert -321 (base 4) to base 6.
-133
-1a (base 15) to base 3
-221
-8 (base 9) to base 2
-1000
Convert -4 (base 5) to base 3.
-11
-56 (base 12) to base 9
-73
Convert -42 (base 6) to base 4.
-122
What is 25 (base 6) in base 8?
21
Convert 1 (base 11) to base 2.
1
Convert 110 (base 2) to base 9.
6
What is -5 (base 14) in base 3?
-12
55 (base 9) to base 12
42
What is 73 (base 11) in base 8?
120
111001 (base 2) to base 6
133
What is -6 (base 10) in base 4?
-12
What is -4a (base 15) in base 4?
-1012
Convert -10100111 (base 2) to base 6.
-435
What is -2 (base 10) in base 15?
-2
-1100111 (base 2) to base 14
-75
What is -25 (base 9) in base 2?
-10111
-1 (base 16) to base 13
-1
-110 (base 2) to base 13
-6
-34 (base 6) to base 10
-22
Convert -4a (base 15) to base 6.
-154
Convert -1c (base 13) to base 9.
-27
What is 0 (base 11) in base 10?
0
Convert 1202 (base 5) to base 14.
c9
Convert 11001 (base 2) to base 4.
121
Convert -10 (base 9) to base 13.
-9
Convert -2 (base 5) to base 8.
-2
Convert -b1 (base 13) to base 5.
-1034
12 (base 6) to base 7
11
-4 (base 16) to base 7
-4
What 